 of 4715615 and 205.
205
What is the highest common factor of 5139 and 386567?
571
Calculate the greatest common factor of 162 and 59373.
81
What is the highest common factor of 785 and 355?
5
What is the highest common factor of 61238 and 6398?
914
Calculate the highest common factor of 84 and 3736950.
42
Calculate the greatest common factor of 70 and 197110.
10
What is the greatest common factor of 896 and 693336?
56
Calculate the greatest common divisor of 590 and 105610.
590
Calculate the greatest common factor of 7273 and 14.
7
Calculate the highest common factor of 16 and 22096.
16
Calculate the greatest common factor of 1170 and 52741.
13
What is the highest common divisor of 75 and 210354?
3
What is the highest common divisor of 77260 and 460?
20
What is the highest common factor of 11424 and 4641?
357
Calculate the greatest common factor of 217 and 1147.
31
Calculate the greatest common divisor of 5000 and 32600.
200
What is the highest common factor of 3025 and 1573?
121
What is the greatest common divisor of 686 and 168?
14
Calculate the greatest common divisor of 18875 and 122461.
151
What is the highest common factor of 6 and 123222?
6
What is the greatest common factor of 321346 and 6?
2
Calculate the greatest common divisor of 1371211 and 152.
19
Calculate the highest common divisor of 1740 and 1290.
30
Calculate the greatest common factor of 170080 and 40.
40
What is the highest common divisor of 63724 and 1513?
89
Calculate the greatest common divisor of 29638 and 112.
14
What is the highest common divisor of 1356 and 18804?
12
What is the highest common factor of 9121 and 77?
7
Calculate the greatest common factor of 10411 and 58.
29
Calculate the greatest common divisor of 153 and 11169.
153
Calculate the highest common divisor of 7719 and 1116.
93
What is the highest common divisor of 6985305 and 15?
15
What is the greatest common factor of 139602 and 795?
159
What is the highest common divisor of 223034 and 2314?
178
What is the highest common factor of 1192 and 360580?
596
What is the greatest common factor of 30483 and 2619?
27
Calculate the greatest common factor of 426 and 4118.
142
Calculate the greatest common factor of 57 and 38779.
19
Calculate the highest common divisor of 66539 and 3036.
253
Calculate the greatest common divisor of 114 and 42351.
57
What is the greatest common divisor of 259 and 16?
1
Calculate the greatest common factor of 256 and 3895168.
128
Calculate the highest common divisor of 392 and 35770.
98
Calculate the highest common factor of 95 and 1894585.
95
Calculate the highest common factor of 10404 and 36.
36
What is the greatest common factor of 39299 and 65?
13
What is the greatest common divisor of 856 and 296?
8
What is the greatest common divisor of 80816 and 16?
16
Calculate the greatest common divisor of 10478 and 2028.
338
Calculate the highest common factor of 2085 and 32085.
15
What is the highest common divisor of 55 and 104467?
11
What is the greatest common divisor of 884969 and 34?
17
Calculate the greatest common divisor of 1183 and 1729.
91
What is the greatest common factor of 1452 and 126?
6
Calculate the greatest common divisor of 188 and 16732.
188
What is the highest common factor of 212346 and 1128?
282
Calculate the highest common divisor of 2486908 and 251.
251
Calculate the highest common factor of 597 and 867441.
597
Calculate the greatest common divisor of 162180 and 5440.
340
Calculate the greatest common divisor of 30 and 12748170.
30
What is the highest common divisor of 6477 and 16764?
381
Calculate the greatest common divisor of 430 and 43430.
430
Calculate the greatest common divisor of 180 and 115140.
60
Calculate the highest common divisor of 26313 and 63.
21
What is the highest common divisor of 47385 and 9490?
65
Calculate the highest common factor of 286 and 125554.
286
What is the highest common divisor of 869 and 536173?
869
Calculate the highest common factor of 107 and 338869.
107
Calculate the greatest common factor of 5891 and 473.
43
Calculate the greatest common factor of 165 and 43395.
165
Calculate the highest common factor of 161 and 22379.
161
What is the greatest common divisor of 114367 and 74?
37
Calculate the highest common factor of 1984 and 2449.
31
Calculate the highest common divisor of 1244045 and 55.
55
What is the greatest common divisor of 29 and 2405927?
29
What is the highest common divisor of 3015078 and 726?
726
What is the greatest common divisor of 78 and 1578?
6
What is the greatest common divisor of 10065 and 4941?
183
Calculate the greatest common factor of 45 and 189600.
15
What is the greatest common factor of 89623 and 178?
89
Calculate the greatest common factor of 155241 and 3.
3
What is the greatest common factor of 13188 and 2268?
84
Calculate the greatest common divisor of 11110 and 1045.
55
What is the highest common divisor of 744590 and 4235?
385
Calculate the greatest common factor of 120 and 55500.
60
Calculate the highest common divisor of 75 and 121575.
75
What is the greatest common factor of 1360 and 57392?
272
What is the highest common factor of 198 and 6579?
9
Calculate the highest common factor of 111 and 185814.
111
Calculate the greatest common factor of 65 and 508911.
13
Calculate the highest common factor of 18 and 297846.
18
What is the greatest common divisor of 86 and 207389?
43
Calculate the greatest common divisor of 2061 and 72.
9
Calculate the highest common divisor of 4945 and 7751.
23
Calculate the highest common factor of 592 and 1554.
74
Calculate the greatest common divisor of 80 and 65480.
40
What is the highest common divisor of 73242 and 26918?
626
Calculate the greatest common factor of 9 and 2361735.
9
Calculate the greatest common divisor of 1824 and 1605918.
114
Calculate the greatest common divisor of 850 and 46400.
50
What is the highest common factor of 75975 and 75?
75
What is the highest common factor of 169 and 99203?
169
What is the highest common divisor of 24543 and 2673?
243
Calculate the highest common divisor of 7579 and 299.
13
What is the highest common divisor of 700145 and 1190?
85
Calculate the greatest common divisor of 10 and 446510.
10
Calculate the highest common factor of 639 and 105009.
213
Calculate the highest common divisor of 52104 and 390.
78
What is the greatest common factor of 40 and 15810?
10
Calculate the highest common factor of 265 and 84005.
265
What is the greatest common factor of 38 and 7922?
2
Calculate the greatest common factor of 14994 and 637.
49
What is the highest common factor of 8366 and 18800?
94
What is the greatest common divisor of 164575 and 175?
25
What is the greatest common factor of 18 and 130950?
18
What is the highest common divisor of 8241141 and 17?
17
Calculate the highest common factor of 9589 and 774.
43
Calculate the greatest common divisor of 184495 and 185.
5
What is the greatest common divisor of 764 and 1762357?
191
What is the greatest common factor of 162756 and 36?
36
What is the greatest common divisor of 252 and 469548?
36
Calculate the greatest common factor of 1978 and 5504.
86
Calculate the highest common divisor of 18 and 117510.
6
What is the greatest common divisor of 630 and 3870?
90
What is the highest common divisor of 195 and 19370?
65
What is the greatest common divisor of 189602 and 1?
1
Calculate the highest common factor of 465175 and 1150.
575
Calculate the highest common divisor of 84630 and 12558.
546
What is the greatest common factor of 114 and 20238?
6
Calculate the greatest common divisor of 3156 and 1668.
12
What is the greatest common factor of 790 and 170890?
10
Calculate the greatest common factor of 6253 and 29822.
481
Calculate the highest common divisor of 12683971 and 1541.
1541
Calculate the highest common factor of 20 and 323740.
20
What is the greatest common divisor of 56304 and 122958?
414
What is the highest common factor of 205 and 181835?
205
Calculate the greatest common factor of 2420 and 572.
44
Calculate the greatest common divisor of 432 and 38124.
108
What is the highest common factor of 172796 and 312?
52
Calculate the greatest common divisor of 71668 and 2829.
943
What is the greatest common divisor of 39216 and 23994?
258
Calculate the highest common diviso